 What is z(k)?
7
Let u be 9 + (0 - 6/2). Suppose -c + u = -4*c. Let t(w) = -1 + 4*w**2 - w**2 + 2*w**3 - w**2 - 2*w. Calculate t(c).
-5
Let c(l) = -3*l**2 + 50*l + 10. Let a be c(17). Let x(v) = v**3 + 6*v**2 - 5*v + 10. Determine x(a).
-4
Suppose 58 - 21 = i. Let c(j) = i - j + 36 - 78 - j. Determine c(-6).
7
Let q(x) = 2*x**3 - 13*x**2 + 6*x + 1. Let z be q(6). Let u(h) = 0 + 21*h**2 - 2*h - 32*h**2 + 13*h**2 - z. Let w be (5 - 2)*(-1 + 2). What is u(w)?
11
Let n(p) = -15*p**3 + 22*p**2 - 43*p + 4. Let f(j) = 13*j**3 - 21*j**2 + 39*j - 5. Let d(r) = 7*f(r) + 6*n(r). Give d(14).
3
Let j(a) = 17*a - 18*a + 65 - 50. What is j(-11)?
26
Let o(q) = -2*q**3 + 3*q**2 - q + 2. Let l = -35 + 37. Calculate o(l).
-4
Let n(m) be the third derivative of m**5/30 - m**4/12 - m**3/2 + m**2 - 209. Give n(3).
9
Let l(o) = -11*o. Suppose -6*x = -10*x + 8. Give l(x).
-22
Suppose 4 = u - 2. Let j = -93 - -93. Let f = j - u. Let r(x) = -x**3 - 5*x**2 + 4*x. What is r(f)?
12
Let r(f) = 2*f**2 - 5*f + 3. Let g = 61 + -57. Suppose -a + 9 = g*b, b = -4*a + 3*a. Give r(b).
6
Let t be (26/(-39))/(4/(-18)). Suppose t = 2*x + 3*p - 8, 4*x - 3*p = -5. Let c(i) = 4*i + 4. Let u(b) = b + 1. Let g(k) = c(k) - 3*u(k). Calculate g(x).
2
Let s(f) = -40*f**2 + 1 + 3 - 2 + 33*f**2 + 3*f**3. Let t(w) = -w**3 + w**2 + w. Let y(i) = -s(i) - 2*t(i). Let a be (-24)/(-10) - 6/15. Give y(a).
6
Let u = -18 - -18. Let h(z) be the third derivative of -1/2*z**3 + 0 + u*z + 1/12*z**4 + 2*z**2. What is h(6)?
9
Suppose -9 = -2*p - 3. Suppose -l = -3, -l = p*v + 3*l. Let s(m) be the third derivative of m**4/24 + 3*m**3/2 + 14*m**2. Determine s(v).
5
Let f(m) be the first derivative of 2*m**2 + m - 117. Give f(6).
25
Let p = 75 - 75. Let v(r) = -r + 1. What is v(p)?
1
Let h(n) = n + 3. Let y(a) = 2*a**3 - 33*a**2 - 19*a + 38. Let k be y(17). Let c(q) = 0 - 2 - 3 - 3*q. Let z(l) = k*c(l) + 10*h(l). What is z(7)?
-4
Suppose -8 = b - 5*b. Let d(u) = u - 2*u + u - b - 2*u. Calculate d(4).
-10
Let t(w) = 2*w + 12 + 4 - 24 + 5. Suppose 0 = h - 5*h - 5*g + 20, 0 = 5*h - 3*g - 25. Let p = -9 + h. Give t(p).
-11
Suppose -3*k = 2 - 8. Let y(o) = -o**2 - o + 4. Let p be y(k). Let n(w) = 5*w - 1. Give n(p).
-11
Let t(k) = 3*k - 2*k + 0*k. Let g = 6 - 8. Let m = g - 4. Give t(m).
-6
Let q(r) = -r**3 - 17*r**2 - 21*r - 85. Let n be q(-16). Let z(g) = g**3 + 3*g**2 - 8*g + 3. Calculate z(n).
-7
Let t = -45 - -58. Let d = -7 + t. Let v(x) = -x**3 + 7*x**2 - 4*x - 1. Calculate v(d).
11
Let w(k) = -50*k + 26*k + 26*k + 19 + 2. What is w(-14)?
-7
Let n = -4249 - -4243. Let q(w) = w - 6*w**2 + 0*w**2 - w**3 + w + 4. Determine q(n).
-8
Let o(y) = y**3 - 5*y**2 - 8*y + 9. Let f(l) = -7*l**3 + 4*l**2 + l - 4. Let r be f(-1). Determine o(r).
-3
Let m(g) = g**2 + 3*g + 6. Suppose -3*r = -0 - 3. Let i(s) = s**2 + s. Let k(b) = r*m(b) - 2*i(b). Suppose -5*a = -0*a. Determine k(a).
6
Suppose 32*q + 20 = 30*q. Let v be 1*(-2)/(q/85). Let t be (-14)/(-119) - (-49)/v. Let d(y) = y**2 - 4*y + 3. Calculate d(t).
0
Let p(o) = 15*o**3 + 5*o**2 - 27*o - 6. Let a(z) = 13*z**3 + 7*z**2 - 26*z - 5. Let r(k) = -7*a(k) + 6*p(k). Give r(-20).
-1
Let f(a) = 2*a**2 + a - 2. Suppose -3*k = -6*k, 2*k + 32 = 4*o. Let c(l) = 2*l - 19. Let p be c(o). Calculate f(p).
13
Let z(y) = y + 7. Suppose 0 = 3*j - p - 5, -5*p = 2*j - 3*j + 25. Suppose -7*a - 42 = -j*a. Determine z(a).
1
Let h(x) = x**3 - x**2. Suppose 3*v = 2*o - 10, v - 5*o = -3*v - 25. Suppose v = -5*a + 18 - 3, 4*a = 5*n + 7. Give h(n).
0
Let n(g) = 10*g**3 - g**2 - g - 7. Let a(l) = 3*l**3 - 2. Let i(z) = 14*a(z) - 4*n(z). Determine i(-3).
-30
Let r(k) = k**3 - 12*k**2 + 11*k + 2. Let f be r(11). Let l(m) = -6 - m**3 + 65*m**2 + 13 - m - 70*m**f. Calculate l(-5).
12
Let o(y) be the second derivative of 27*y - 7/12*y**4 + 1/6*y**3 + 0*y**2 + 0. Suppose 4 = 6*h - 2*h. Give o(h).
-6
Let j(i) = 10*i - 66. Let l(s) = -2*s + 13. Let d(n) = 3*j(n) + 16*l(n). Give d(8).
-6
Let n(c) be the second derivative of 1/3*c**3 + 0*c**2 + 0 - c - 1/8*c**4 + 1/120*c**5. Let m(s) be the second derivative of n(s). Determine m(3).
0
Let s(u) be the second derivative of 8*u + 1/120*u**6 + 0 - 1/30*u**5 - 1/3*u**3 - 1/12*u**4 - 5/2*u**2. Let t(h) be the first derivative of s(h). What is t(3)?
1
Let d(i) = -1 - 10 - 22*i + 21*i. Let w be 0/((-9 - -4) + 4). Calculate d(w).
-11
Let b(a) be the second derivative of -a**6/120 + a**5/20 + a**4/12 - a**3 + 9*a**2 + 21*a. Let i(t) be the first derivative of b(t). Determine i(4).
-14
Suppose -2*n - 2*f = -22, 5*n + 3*f - 57 = 6. Let r = 24 + -38. Let h = n + r. Let a(z) = -12*z**3 - z**2 + 1. Give a(h).
-12
Let l(d) be the third derivative of d**7/840 - d**6/72 + d**5/60 + 7*d**4/24 - 29*d**3/6 + 7*d**2. Let a(x) be the first derivative of l(x). Calculate a(5).
17
Let h = -22 + 32. Let l(g) = -6 - 7 + h + g**2. Let d(v) = -v**3 - 3*v**2 - v + 1. Let x be d(-3). Calculate l(x).
13
Let u(h) = 2*h**3 + 4*h**2 + 4*h + 4. Let k(z) = -3*z**3 - 4*z**2 - 4*z - 5. Suppose 0 = -6*g + 4*g + 8. Let v(y) = g*u(y) + 3*k(y). Give v(5).
-4
Suppose 2*j - 3 = -j, 5*b = -4*j + 9. Let r(p) = -p**3 - 3*p. Let h(c) = -c**2 + 0*c**2 - 2 + 1 + 0*c**2. Let m(u) = b*r(u) - 4*h(u). Calculate m(3).
4
Let v(p) = -p**3 - 23*p**2 + 76*p - 39. Let m be v(-26). Let x(c) = c - 18. Calculate x(m).
-5
Let q(d) = 8*d + 1. Let z be ((-160)/60)/(((-2)/3)/2). Let j be -1 + 4 - z - -4. Give q(j).
-7
Let a(u) = -3*u**3 + 4565*u**2 + 1 - 4567*u**2 + u + u. What is a(-2)?
13
Suppose 5*d - 6 = 9. Suppose z - 18 = d*z. Let t = -3 - z. Let m(q) = q - 6. Determine m(t).
0
Let z(w) = -3*w. Suppose p = 2*p - 3. Suppose -2*h = -h - p. Let y be 0 - h - (-9 + 9). What is z(y)?
9
Suppose 4*m = -1 - 11. Let b = -1 - m. Let j(r) be the third derivative of -r**5/60 + r**4/8 + r**3/3 - 2*r**2 - 4291*r. Give j(b).
4
Let s(n) = n**3 - 11*n**2 + 10*n - 1. Let t be (-9)/12 - 172/(-16). What is s(t)?
-1
Let a(b) = -4*b + 6. Let g be 5 + 1 - 48/16. Determine a(g).
-6
Let p be 14/(-6) - 2/(-6). Let q(z) = -7*z + 6. Let v = 42 - 53. Let g(y) = -13*y + 11. Let n(d) = v*q(d) + 6*g(d). Determine n(p).
2
Let j be 8/6*24/16. Let m(y) = -8*y**3 + 6 - j + 0*y**2 - 4*y + 5*y**2 + 7*y**3. Calculate m(4).
4
Suppose -2*m = 3*b - 11, -5*m - 4*b + 0 = -10. Let a(i) = -453*i - i**2 + 229*i + 226*i. Determine a(m).
-8
Let f(k) = -4*k - 10. Let a be f(-5). Let l = 13 - a. Let z be (1/3 - 0)*l. Let i(h) = -4*h**2 + h. Determine i(z).
-3
Let j(m) = 11*m**2 - 7*m + 6. Let x(s) = -10*s**2 + 6*s - 5. Let d(b) = -5*j(b) - 6*x(b). Let g be d(1). Let r(i) = g*i + i - 2*i + 3 + 0*i. What is r(-3)?
-6
Let l(n) = -n - 11. Suppose 0 = -4*o + 8, -3*o + 27 + 27 = -4*t. Calculate l(t).
1
Let l(n) = -n**3 + 2*n**2 - 1. Suppose 14*w - 11*w = 24. Let g be w/6 + (-6)/18. Give l(g).
0
Let u = 37 + -35. Let h(c) be the first derivative of 0*c + 4 - 2/3*c**3 + 1/2*c**2. What is h(u)?
-6
Let o(n) be the first derivative of 2*n**3/3 + 2*n**2 - 16*n - 7. Let y(u) be the first derivative of o(u). What is y(-4)?
-12
Let n(h) = -8*h. Let d = 12 - 10. Suppose 4 = d*x - 0*x. Suppose -x = 2*a - 4. Calculate n(a).
-8
Let o(s) = -s**3 - 6*s**2 + 1. Let i = 576 + -582. What is o(i)?
1
Let b(r) = -4 - 59*r - 10 + 61*r + 14. Let h be 16/(-2)*(-4)/(-8). Give b(h).
-8
Suppose 3*a - 77 = 5*k, -5*a - 16*k + 75 = -11*k. Suppose 0 = n - 21 + a. Let w(i) = 2*i**2 - i - 1. What is w(n)?
5
Let u(r) be the first derivative of 43 - 3/2*r**2 + 2*r. What is u(-2)?
8
Let r = -241 - -246. Let b(o) = 2*o - 7. Determine b(r).
3
Let g = -11 - -8. Let a(r) = r + 1. Let s(q) = -2*q - 1. Let u(k) = a(k) + 2*s(k). Calculate u(g).
8
Let i = -12 + 15. Suppose -13 = i*d - 34. Suppose 6*f + 5 = -d. Let n(k) = k**3 + 3*k**2 + 2*k - 2. Determine n(f).
-2
Let d(b) = b + 1. Let h(t) = 2*t + 9. Let n be h(-4). Suppose n = 3*p - 5. Give d(p).
3
Let y = -177 + 184. Let x(h) = h**3 - 7*h**2 - 8. Calculate x(y).
-8
Suppose 3*f - 3*s - 5 - 13 = 0, -f - 14 = 4*s. Let a(c) be the second derivative of 3/2*c**f + 2*c - 1/6*c**3 + 0. Give a(-3).
6
Suppose 0 = 8*t - 3*t. Let i(s) be the first derivative of -5*s**3 + 2*s + t*s**3 - 1 - s + 2*s**3. What is i(-1)?
-8
Let o(l) = 2*l**2 + 3*l - 2. Suppose 5*m = 2*c + 19, -4*c - 2*m + 15 = -7. Give o(c).
25
Let h(w) = w**3 - w**2 - 5*w - 1. Let g be h(3). Let r(q) = -q**3 -